
Suppose -28*z + 23*z = -105. Suppose 0 = 5*n - z + 6. Suppose 5*o = u + 1, 2*u - n*u + 44 = 4*o. What is the tens digit of u?
2
What is the hundreds digit of -36*((-24)/60 + 5451/(-60))?
2
Let b be -4 + (2/(-1))/((-2)/40). Suppose 6*w - 480 - b = 0. What is the units digit of w?
6
Suppose -j = -f - 4*j + 17, 4*j - 26 = -2*f. Let w be -3 - 3/((-9)/84). Suppose 0 = f*h - 0 - w. What is the units digit of h?
5
Let t = 776 - 1288. Let w = -364 - t. Let x = w - 96. What is the tens digit of x?
5
Let n(b) = 181*b - 342. What is the tens digit of n(14)?
9
Suppose -p - 4*p = -165. Suppose -m = 2*m + p. Let q = m + 30. What is the units digit of q?
9
Suppose 20 = -5*l, 5*r = l - 6*l - 1100. Let h be ((-7)/14)/((-3)/r). What is the tens digit of (-9 - -5) + h/(-1)?
3
Let h(v) = 4*v + 1. Let u be h(5). Let s = u + -15. Suppose s = c - 2*x, -4*c - x = -21 - 21. What is the tens digit of c?
1
Let s(u) = 7*u**2 + 8*u**2 - 16*u**2 - 6*u + 128. What is the units digit of s(0)?
8
What is the tens digit of -2*14/7 + 705?
0
What is the tens digit of ((-65)/(-13)*2)/((-4)/(-310))?
7
Suppose -71*l = -67*l + 16. What is the hundreds digit of l - ((8 - 4) + -182 + -3)?
1
Let g be 2/22*-10760 - 8/(-44). What is the units digit of (-6)/(-30) - (-2)/((-20)/g)?
8
Let l(x) = 24*x**2 + 8. What is the tens digit of l(-6)?
7
Let i be 1 + 61 - (16 + -12). Let r = i + -48. What is the units digit of r?
0
Let v be (8 + -4 + -7)/(-1). Suppose -4*s + v*u + 2*u + 416 = 0, -5*u = 20. What is the units digit of s?
9
Let y = -1401 + 1426. What is the units digit of y?
5
Suppose 3*t - 2*t = 5*x + 11, 0 = -4*x + 4. Suppose 3*o = -3*q - 3, -2*o - t = 2*o - 2*q. What is the tens digit of (20/6)/((-1)/o)?
1
Let j(s) = 5*s**2 + 2*s + 9. Let z be j(-3). Suppose -2*g - z = -l, g + 134 = 2*l + l. What is the units digit of l?
4
Let x be (5 + -4)*(54 - 0). Let n = x + -1. What is the tens digit of n?
5
Let l be (-1)/(-2)*-25*-4. Let c(x) = -5*x - 10. Let q be c(-4). What is the units digit of l/3 - q/15?
6
Let x = 101 - 69. What is the hundreds digit of x*-1*21/(-6)?
1
Let q(o) = -o**3 - 8*o**2 + 9*o + 4. Let p be q(-9). Suppose -p + 16 = 3*y. Suppose y*t - 2*t - 14 = 0. What is the units digit of t?
7
Let r(f) = 3*f + 5. Let q be r(15). Suppose 0 = -3*g + g - 2, n = 3*g + q. What is the units digit of n?
7
Let j(b) = 18*b**2 + b + 14. Let l be j(-6). Suppose l = -129*g + 133*g. What is the units digit of g?
4
Suppose 0 = -3*v + 2973 - 12. What is the hundreds digit of v?
9
Let s(u) = 19*u**2 - 31*u + 5. What is the hundreds digit of s(11)?
9
Suppose -4*j + 689 = x, 2*x - 51 - 1345 = j. What is the units digit of x?
7
Suppose -15*k - 4020 = -21*k. What is the tens digit of k?
7
Suppose 432 = 4*w - 4*y, -y + 430 = 4*w + 8. What is the tens digit of 3*1*1/(3/w)?
0
Let i = -61 + 904. What is the tens digit of i?
4
Let j = 1 - -3. Let b(w) = 14*w**2 - 5*w + 32. Let p(l) = 5*l**2 - 2*l + 11. Let h(f) = 6*b(f) - 17*p(f). What is the units digit of h(j)?
5
Let b(u) = 17*u - 35. What is the units digit of b(8)?
1
Let g(v) = v**2 + 12*v - 2. Let j be g(-12). What is the tens digit of 3/9*303/j*-2?
0
Suppose 5*a = 0, -3*d + 5*a - 129 = -0*d. Let n = 18 - d. What is the units digit of n?
1
Let p = 0 + 4. Let w(y) = 10*y - 8. Let r be w(p). Let a = -8 + r. What is the units digit of a?
4
What is the hundreds digit of 0 - (23493/(-15) + 9/45)?
5
Let v = -10 - -75. Let i = v + -10. What is the tens digit of i?
5
Suppose -2*w + 10 = -6. Suppose 3*z - 19 = w. What is the units digit of z?
9
What is the tens digit of (132 - -1) + 2 + -3?
3
Let i(w) = 2*w**2 - 13*w - 35. Let x(s) = -s**2 + 6*s + 18. Let m(o) = -3*i(o) - 5*x(o). Let v be m(11). Let t(k) = -3*k - 6. What is the units digit of t(v)?
5
Let m(d) = d**2 - 19*d - 23. Let g be m(19). Let k = g - -41. What is the tens digit of k?
1
Let j = 538 + -66. What is the units digit of j?
2
Suppose t - 5*h + 3 = 7, 4 = 4*h. Suppose 0 = 3*x - t + 3. Suppose -5*g + 82 = 3*o, -5*g = -o - x*o - 58. What is the units digit of g?
4
Let n(y) = 3*y + 22. Let m be n(-8). Let x = m + 5. What is the units digit of x?
3
Suppose -177*u = -181*u + 192. Let b = u - -233. What is the units digit of b?
1
Let g be (-282)/(-26) - (-6)/39. Let a = 11 - g. Suppose 2*s - s - 24 = a. What is the tens digit of s?
2
Let i(v) = 8*v**2 + 4*v + 3. Let g be i(-2). Suppose -4*r - g = 4*o - 291, -188 = -3*o - 5*r. What is the tens digit of o?
7
Suppose 2*y + 322 = 5*h, 4*y + 921 = 5*h + 297. Let x = 272 + y. What is the units digit of x?
1
Let z be 6 + (-2 - -3)*-3. Suppose -z*o = -7*o + 12. Suppose -3*r + 176 = -4*y, -o*r + 6 = 2*y - 176. What is the units digit of r?
0
Suppose -3 = -3*f + 3. Let i be (-36)/f - (-1)/(-1). Let m = i + 27. What is the units digit of m?
8
Let g be -6 + 1 + (3 - 4). Let o be (-42)/9*9/g. What is the units digit of 2/(-7) - (-65)/o?
9
Let y(w) = -27*w - 7. Let s be y(-1). Suppose -7*f + 2*f = -s. What is the units digit of f?
4
Let l be ((-36)/10)/((-6)/(-15)). What is the units digit of ((-24)/l)/((-4)/(-78))?
2
Let p = -99 - -128. Suppose -324 = 23*a - p*a. What is the units digit of a?
4
Let d = -21 + 24. Suppose -3*b - 4*o = 55, b - 2*o + 17 = -d*o. Let v = b - -39. What is the tens digit of v?
2
Suppose 2*a - 105 - 49 = 0. Suppose 5*x - a = 303. What is the units digit of x?
6
Suppose -3*j - 1112 = x + 20, 0 = x - 3*j + 1156. Let c be x/(-38) + (-22)/209. Let r = c - 28. What is the units digit of r?
2
Let t = -49 - 7. Let s = 107 + t. What is the units digit of s?
1
Suppose 0 = -2*a - 8, 3*a - 901 = -3*f + 692. What is the tens digit of f?
3
What is the tens digit of -3 + -3 + 477 + -2?
6
Let o(n) = 17*n - 12*n - 4*n - 14*n. What is the tens digit of o(-3)?
3
What is the thousands digit of 140376/32 + 44/(-16)?
4
Suppose 0 = -2*m + 64 - 10. Suppose m = 3*f - 66. What is the units digit of f?
1
Let v be (108/(-81))/(2/1188). What is the tens digit of (24/36)/((-2)/v)?
6
Let w(g) = g**2 - 13*g - 14. Let d be w(14). Let s(t) = t**2 - 6*t + 12. Let c be s(6). Suppose -c = -u - d. What is the units digit of u?
2
Suppose -10 = -2*n - 0*n. Suppose 3*h - 198 = -3*f, 3*h + 296 + 66 = n*f. What is the tens digit of f?
7
Let v(c) = 10 + 1771*c**3 + 0*c - 6*c - 1761*c**3. What is the hundreds digit of v(3)?
2
Suppose 0 = u - 2 - 2. Suppose c = u*c - 312. What is the tens digit of c?
0
Suppose -2*i + 760 = 4*a, a + 5*i + 12 = 184. What is the hundreds digit of a?
1
Let c = 6 + -5. Let g(o) = o**2 - 7*o + 10. Let m be g(7). What is the tens digit of m/20*30*c?
1
Suppose -8 = -4*u, 0 = 4*t + t + 2*u - 269. Let m = t + 122. What is the units digit of m?
5
Let r(y) = y**2 + 3*y - 4. Let v be r(-7). What is the units digit of ((-42)/12)/((-2)/v)?
2
Let s be (12/(-36))/(3/(-45)). Let f(o) = 7*o**2 + o - 1. Let i be f(1). Suppose -d = -i*k + 2*k - 32, 2*d - 64 = s*k. What is the tens digit of d?
3
Let f = 60 + -6. Suppose 1683*b - 1686*b = -9. Suppose 5*w - f = b*w. What is the tens digit of w?
2
Let w be 1/1 - -85 - -2. Let v = -46 - -50. Suppose 0 = v*a + 4*t - w, -5*a - 4*t + 101 = -4. What is the units digit of a?
7
Suppose 8 = -5*y - 42. Let z = y + 10. Let x(o) = o + 8. What is the units digit of x(z)?
8
Let h = 6499 - 4344. What is the thousands digit of h?
2
Suppose -371*m + 4162 = -369*m. What is the tens digit of m?
8
Let h(p) = 500*p + 452. What is the hundreds digit of h(8)?
4
Suppose 0 = 5*w - 5 - 5. Suppose -s + 3*s = 5*a - 165, a - 2*s - 33 = 0. Suppose 0 = -w*d - d + a. What is the tens digit of d?
1
Let b = -70 + 73. Suppose -2*i + 2*l = -2*l - 294, b*i = l + 436. What is the units digit of i?
5
Suppose -r + 5*h = -9, 5*h + 0*h - 105 = -5*r. Suppose -n + 36 + r = 0. What is the tens digit of n?
5
Let u be (-4 + -1)*2/(-5). Suppose u*l = 3 + 1. Suppose -2*c - 3*c = -3*k + 21, -l*c = 0. What is the units digit of k?
7
Let n = 18 + -15. What is the tens digit of 444/15 - n - (-6)/15?
2
Let p(m) = -m**2 + m - 11. Let z be p(0). Let f = -10 - z. What is the units digit of (-1)/((-1)/12)*f?
2
What is the hundreds digit of (3076/(-4) - 2)/(6/(-4))?
5
Let n be 18/81 + 385/9. What is the tens digit of 5 + (-12 - -4) + n?
4
Let q be (-2 - 0)/(10/(-45)*3). Suppose -b - q*b = -500. What is the hundreds digit of b?
1
What is the units digit of ((-12)/36)/((-37302)/(